{"id":52,"date":"2013-10-27T16:10:46","date_gmt":"2013-10-27T15:10:46","guid":{"rendered":"http:\/\/salon-international-aquarelle.com\/WordPress3\/?page_id=52"},"modified":"2024-11-04T20:42:20","modified_gmt":"2024-11-04T19:42:20","slug":"reglement","status":"publish","type":"page","link":"https:\/\/salon-international-aquarelle.com\/WordPress3\/45-2\/reglement\/","title":{"rendered":"R\u00e8glement"},"content":{"rendered":"\n<p>Vous <a href=\"https:\/\/salon-international-aquarelle.com\/WordPress3\/wp-content\/uploads\/2023\/12\/Comment-participer-et-reglement-2024.pdf\">pouvez t\u00e9l\u00e9charger ici l&rsquo;int\u00e9gralit\u00e9 du r\u00e8glement <\/a>et t\u00e9l\u00e9charger le  bulletin de participation<a href=\"https:\/\/salon-international-aquarelle.com\/WordPress3\/wp-content\/uploads\/2023\/12\/formulaire-de-candidature-2024-Francais.pdf\"> (version Fran\u00e7aise<\/a>, <a href=\"https:\/\/salon-international-aquarelle.com\/WordPress3\/wp-content\/uploads\/2023\/12\/formulaire-de-candidature-2024-Anglais.pdf\" data-type=\"URL\">Anglaise<\/a>, <a href=\"https:\/\/salon-international-aquarelle.com\/WordPress3\/wp-content\/uploads\/2023\/12\/formulaire-de-candidature-2024-Espagnol.pdf\">Espagnole<\/a>) afin de nous le retourner.<\/p>\n\n\n<p class=\"western\"><span style=\"font-family: TimesNewRomanPS-ItalicMT, serif; color: #006633;\"><span style=\"font-size: medium;\"><b>S\u00e9lection\u00a0:<\/b><\/span><\/span><\/p>\n<p class=\"western\"><span style=\"color: #006633;\"><span style=\"font-family: TimesNewRomanPS-ItalicMT, serif;\"><span style=\"font-size: medium;\">&#8211; Les artistes s\u00e9lectionn\u00e9s seront pr\u00e9venus <\/span><\/span><span style=\"font-family: TimesNewRomanPS-ItalicMT, serif;\"><span style=\"font-size: medium;\">avant le <span style=\"color: #ff0000;\">15 mars 2025<\/span><\/span><\/span><span style=\"font-family: TimesNewRomanPS-ItalicMT, serif;\"><span style=\"font-size: medium;\"> soit par mail soit par courrier ou t\u00e9l\u00e9phone et devront s\u2019acquitter de la somme de 80 \u20ac. Un livret souvenir leur sera remis lors du d\u00e9p\u00f4t des \u0153uvres.<\/span><\/span><\/span><\/p>\n<p class=\"western\"><span style=\"font-family: TimesNewRomanPS-ItalicMT, serif; color: #006633;\"><span style=\"font-size: medium;\">&#8211; L\u2019artiste s\u2019engage \u00e0 pr\u00e9senter obligatoirement les aquarelles qui ont fait l\u2019objet d\u2019une s\u00e9lection, aucun \u00e9change ne sera possible.<\/span><\/span><\/p>\n<p class=\"western\"><span style=\"font-family: TimesNewRomanPS-ItalicMT, serif; color: #006633;\"><span style=\"font-size: medium;\">&#8211; L\u2019artiste devra pr\u00e9voir une uniformit\u00e9 dans leur encadrement. Les tableaux devront comporter une \u00e9tiquette mentionnant, le nom de l\u2019artiste, le titre de l\u2019\u0153uvre, son prix.<\/span><\/span><\/p>\n<p class=\"western\"><span style=\"font-family: TimesNewRomanPS-ItalicMT, serif; color: #006633;\"><span style=\"font-size: medium;\">&#8211; L\u2019artiste donne son accord au salon pour que les \u00e9l\u00e9ments fournis par lui-m\u00eame soient utilis\u00e9s pour la r\u00e9alisation d\u2019un catalogue ou autres supports (affiches, articles de presse, internet, Facebook) dans le cadre du salon.<\/span><\/span><\/p>\n<p class=\"western\"><span style=\"font-family: TimesNewRomanPS-ItalicMT, serif; color: #006633;\"><span style=\"font-size: medium;\"><b>Accrochage\u00a0:<\/b><\/span><\/span><\/p>\n<p class=\"western\"><span style=\"color: #006633;\"><span style=\"font-family: TimesNewRomanPS-ItalicMT, serif;\"><span style=\"font-size: medium;\">-Les \u0153uvres s\u00e9lectionn\u00e9es seront <\/span><\/span><span style=\"font-family: TimesNewRomanPS-ItalicMT, serif;\"><span style=\"font-size: medium;\">d\u00e9pos\u00e9es le<span style=\"color: #ff0000;\"> 17 juillet de 9H \u00e0 12h<\/span><\/span><\/span><span style=\"font-family: TimesNewRomanPS-ItalicMT, serif;\"><span style=\"font-size: medium;\"> et seront accroch\u00e9es par les b\u00e9n\u00e9voles de l\u2019association. <\/span><\/span><\/span><\/p>\n<p class=\"western\"><span style=\"font-family: TimesNewRomanPS-ItalicMT, serif; color: #006633;\"><span style=\"font-size: medium;\">-Les organisateurs sont souverains pour la mise en valeur des \u0153uvres et pour le choix de la surface d\u2019accrochage pour chaque artiste. <\/span><\/span><\/p>\n<p class=\"western\"><span style=\"font-family: TimesNewRomanPS-ItalicMT, serif; color: #006633;\"><span style=\"font-size: medium;\"><b>Les ventes\u00a0:<\/b><\/span><\/span><\/p>\n<p class=\"western\"><span style=\"font-family: TimesNewRomanPS-ItalicMT, serif; color: #006633;\"><span style=\"font-size: medium;\">Les artistes s\u00e9lectionn\u00e9s pourront pr\u00e9senter \u00e0 la vente des livres \u00e0 condition que ces derniers aient \u00e9t\u00e9 r\u00e9pertori\u00e9s le jour de l\u2019accrochage. Nous n\u2019accepterons pas les cartes postales m\u00eame si elles sont collectionn\u00e9es en paquet. <\/span><\/span><\/p>\n<p class=\"western\"><span style=\"font-family: TimesNewRomanPS-ItalicMT, serif; color: #006633;\"><span style=\"font-size: medium;\">Les ventes seront encaiss\u00e9es par l\u2019association qui se chargera de vous reverser la somme due \u00e0 l\u2019issue du salon apr\u00e8s une retenue de 11 % pour les livres et de 16% pour les tableaux. <\/span><\/span><\/p>\n<p class=\"western\"><span style=\"font-family: TimesNewRomanPS-ItalicMT, serif; color: #006633;\"><span style=\"font-size: medium;\"><b>Les prix d\u00e9cern\u00e9s\u00a0:<\/b><\/span><\/span><\/p>\n<p class=\"western\"><span style=\"font-family: TimesNewRomanPS-ItalicMT, serif; color: #006633;\"><span style=\"font-size: medium;\">4 prix sont d\u00e9cern\u00e9s par un jury compos\u00e9 d\u2019invit\u00e9s d\u2019honneur (nouveaux et anciens)\u00a0: le prix de la ville, prix S\u00e9namaud-Beaufort, prix des commer\u00e7ants, prix Esquisse. Ces prix sont remis lors du vernissage.<\/span><\/span><\/p>\n<p class=\"western\"><span style=\"font-family: TimesNewRomanPS-ItalicMT, serif; color: #006633;\"><span style=\"font-size: medium;\"><b>Le Vernissage\u00a0:<\/b><\/span><\/span><\/p>\n<p class=\"western\"><span style=\"font-family: TimesNewRomanPS-ItalicMT, serif; color: #006633;\"><span style=\"font-size: medium;\">Le vernissage de l\u2019exposition s\u2019effectuera le <span style=\"color: #ff0000;\">samedi 19 juillet<\/span> \u00e0 19 h. <\/span><\/span><\/p>\n<p class=\"western\"><span style=\"font-family: TimesNewRomanPS-ItalicMT, serif; color: #006633;\"><span style=\"font-size: medium;\"><b>Les stages\u00a0:<\/b><\/span><\/span><\/p>\n<p class=\"western\"><span style=\"font-family: TimesNewRomanPS-ItalicMT, serif; color: #006633;\"><span style=\"font-size: medium;\">Seuls les Invit\u00e9s d\u2019honneur de l\u2019ann\u00e9e et les anciens Invit\u00e9s d\u2019honneur ont la possibilit\u00e9 d\u2019organiser des stages. Ces derniers doivent rapidement en informer les organisateurs pour pr\u00e9voir la planification et la publicit\u00e9.<\/span><\/span><\/p>\n<p class=\"western\"><span style=\"font-family: TimesNewRomanPS-ItalicMT, serif; color: #006633;\"><span style=\"font-size: medium;\"><b>D\u00e9crochage\u00a0:<\/b><\/span><\/span><\/p>\n<p class=\"western\"><span style=\"color: #006633;\"><span style=\"font-family: TimesNewRomanPS-ItalicMT, serif;\"><span style=\"font-size: medium;\">Le d\u00e9crochage s\u2019effectuera <\/span><\/span><span style=\"font-family: TimesNewRomanPS-ItalicMT, serif;\"><span style=\"font-size: medium;\">le <span style=\"color: #ff0000;\">lundi <\/span><\/span><\/span><span style=\"color: #ff0000;\"><span style=\"font-family: TimesNewRomanPS-ItalicMT, serif;\"><span style=\"font-size: medium;\"><u>matin<\/u><\/span><\/span><span style=\"font-family: TimesNewRomanPS-ItalicMT, serif;\"><span style=\"font-size: medium;\"> 18 ao\u00fbt<\/span><\/span><\/span><span style=\"font-family: TimesNewRomanPS-ItalicMT, serif;\"><span style=\"font-size: medium;\"><span style=\"color: #ff0000;\"> de 9 h\u00a0 \u00e0 12 h<\/span>, il sera suivi d\u2019un repas de cl\u00f4ture dont le tarif vous sera pr\u00e9cis\u00e9 (environ 25 euros).<\/span><\/span><\/span><\/p>\n<p class=\"western\"><span style=\"font-family: TimesNewRomanPS-ItalicMT, serif; color: #006633;\"><span style=\"font-size: medium;\"><b>Assurance\u00a0:<\/b><\/span><\/span><\/p>\n<p class=\"western\"><span style=\"font-family: TimesNewRomanPS-ItalicMT, serif; color: #006633;\"><span style=\"font-size: medium;\">L\u2019assurance des tableaux reste \u00e0 la charge de chaque artiste. Le salon d\u00e9cline toute responsabilit\u00e9 en cas de vol ou d\u00e9t\u00e9rioration des \u0153uvres qui lui sont confi\u00e9es.<\/span><\/span><\/p>\n<p class=\"western\" align=\"center\"><span style=\"color: #006633;\"><span style=\"font-family: TimesNewRomanPSMT, serif;\"><span style=\"font-size: medium;\">Isabelle Lavalley et Jean-Michel Devaux <\/span><\/span><\/span><\/p>\n<p class=\"western\" align=\"center\"><span style=\"color: #006633;\"><span style=\"font-family: TimesNewRomanPSMT, serif;\"><span style=\"font-size: medium;\">Co-Pr\u00e9sidents du Salon international de l\u2019Aquarelle<\/span><\/span><\/span><\/p>\n<p class=\"western\" align=\"center\"><span style=\"color: #006633;\"><span style=\"font-family: TimesNewRomanPSMT, serif;\"><span style=\"font-size: medium;\">5 Avenue de la Wantzenau<\/span><\/span><\/span><\/p>\n<p class=\"western\" align=\"center\"><span style=\"color: #006633;\"><span style=\"font-family: TimesNewRomanPSMT, serif;\"><span style=\"font-size: medium;\">87500 Saint Yrieix la Perche<\/span><\/span><\/span><\/p>\n<p class=\"western\" align=\"center\"><span style=\"color: #006633;\"><span style=\"font-family: TimesNewRomanPSMT, serif;\"><span style=\"font-size: medium;\">tel.0033- (0)9-64-40-27-10 et 0033-(0)6-89-38-47-16 \/ (0)6 72 56 98 89<\/span><\/span><\/span><i> <\/i><\/p>\n<p style=\"text-align: center;\" align=\"center\"><span style=\"color: #006633;\"><span style=\"font-family: Verdana,sans-serif;\"><span style=\"font-size: small;\">\u00a0<\/span><\/span><\/span><\/p>\n<p style=\"text-align: justify;\"><span style=\"color: #006633;\"><span style=\"font-family: Verdana;\"><span style=\"font-size: small;\">\u00a0<\/span><\/span><\/span><\/p>","protected":false},"excerpt":{"rendered":"<p>Vous pouvez t\u00e9l\u00e9charger ici l&rsquo;int\u00e9gralit\u00e9 du r\u00e8glement et t\u00e9l\u00e9charger le bulletin de participation (version Fran\u00e7aise, Anglaise, Espagnole) afin de nous [&hellip;]<\/p>\n","protected":false},"author":1,"featured_media":0,"parent":45,"menu_order":1,"comment_status":"closed","ping_status":"open","template":"","meta":{"site-sidebar-layout":"default","site-content-layout":"","ast-site-content-layout":"default","site-content-style":"default","site-sidebar-style":"default","ast-global-header-display":"","ast-banner-title-visibility":"","ast-main-header-display":"","ast-hfb-above-header-display":"","ast-hfb-below-header-display":"","ast-hfb-mobile-header-display":"","site-post-title":"","ast-breadcrumbs-content":"","ast-featured-img":"","footer-sml-layout":"","theme-transparent-header-meta":"","adv-header-id-meta":"","stick-header-meta":"","header-above-stick-meta":"","header-main-stick-meta":"","header-below-stick-meta":"","astra-migrate-meta-layouts":"default","ast-page-background-enabled":"default","ast-page-background-meta":{"desktop":{"background-color":"var(--ast-global-color-4)","background-image":"","background-repeat":"repeat","background-position":"center center","background-size":"auto","background-attachment":"scroll","background-type":"","background-media":"","overlay-type":"","overlay-color":"","overlay-opacity":"","overlay-gradient":""},"tablet":{"background-color":"","background-image":"","background-repeat":"repeat","background-position":"center center","background-size":"auto","background-attachment":"scroll","background-type":"","background-media":"","overlay-type":"","overlay-color":"","overlay-opacity":"","overlay-gradient":""},"mobile":{"background-color":"","background-image":"","background-repeat":"repeat","background-position":"center center","background-size":"auto","background-attachment":"scroll","background-type":"","background-media":"","overlay-type":"","overlay-color":"","overlay-opacity":"","overlay-gradient":""}},"ast-content-background-meta":{"desktop":{"background-color":"var(--ast-global-color-5)","background-image":"","background-repeat":"repeat","background-position":"center center","background-size":"auto","background-attachment":"scroll","background-type":"","background-media":"","overlay-type":"","overlay-color":"","overlay-opacity":"","overlay-gradient":""},"tablet":{"background-color":"var(--ast-global-color-5)","background-image":"","background-repeat":"repeat","background-position":"center center","background-size":"auto","background-attachment":"scroll","background-type":"","background-media":"","overlay-type":"","overlay-color":"","overlay-opacity":"","overlay-gradient":""},"mobile":{"background-color":"var(--ast-global-color-5)","background-image":"","background-repeat":"repeat","background-position":"center center","background-size":"auto","background-attachment":"scroll","background-type":"","background-media":"","overlay-type":"","overlay-color":"","overlay-opacity":"","overlay-gradient":""}},"jetpack_post_was_ever_published":false,"footnotes":""},"class_list":["post-52","page","type-page","status-publish","hentry"],"jetpack_sharing_enabled":true,"jetpack_shortlink":"https:\/\/wp.me\/PgfGnI-Q","_links":{"self":[{"href":"https:\/\/salon-international-aquarelle.com\/WordPress3\/wp-json\/wp\/v2\/pages\/52","targetHints":{"allow":["GET"]}}],"collection":[{"href":"https:\/\/salon-international-aquarelle.com\/WordPress3\/wp-json\/wp\/v2\/pages"}],"about":[{"href":"https:\/\/salon-international-aquarelle.com\/WordPress3\/wp-json\/wp\/v2\/types\/page"}],"author":[{"embeddable":true,"href":"https:\/\/salon-international-aquarelle.com\/WordPress3\/wp-json\/wp\/v2\/users\/1"}],"replies":[{"embeddable":true,"href":"https:\/\/salon-international-aquarelle.com\/WordPress3\/wp-json\/wp\/v2\/comments?post=52"}],"version-history":[{"count":33,"href":"https:\/\/salon-international-aquarelle.com\/WordPress3\/wp-json\/wp\/v2\/pages\/52\/revisions"}],"predecessor-version":[{"id":1961,"href":"https:\/\/salon-international-aquarelle.com\/WordPress3\/wp-json\/wp\/v2\/pages\/52\/revisions\/1961"}],"up":[{"embeddable":true,"href":"https:\/\/salon-international-aquarelle.com\/WordPress3\/wp-json\/wp\/v2\/pages\/45"}],"wp:attachment":[{"href":"https:\/\/salon-international-aquarelle.com\/WordPress3\/wp-json\/wp\/v2\/media?parent=52"}],"curies":[{"name":"wp","href":"https:\/\/api.w.org\/{rel}","templated":true}]}}

Règlement

<p>Vous <a href="https://salon-international-aquarelle.com/WordPress3/wp-content/uploads/2023/12/Comment-participer-et-reglement-2024.pdf">pouvez télécharger ici l&rsquo;intégralité du règlement </a>et télécharger le  bulletin de participation<a href="https://salon-international-aquarelle.com/WordPress3/wp-content/uploads/2023/12/formulaire-de-candidature-2024-Francais.pdf"> (version Française</a>, <a href="https://salon-international-aquarelle.com/WordPress3/wp-content/uploads/2023/12/formulaire-de-candidature-2024-Anglais.pdf" data-type="URL">Anglaise</a>, <a href="https://salon-international-aquarelle.com/WordPress3/wp-content/uploads/2023/12/formulaire-de-candidature-2024-Espagnol.pdf">Espagnole</a>) afin de nous le retourner.</p>


<p class="western"><span style="font-family: TimesNewRomanPS-ItalicMT, serif; color: #006633;"><span style="font-size: medium;"><b>Sélection :</b></span></span></p>
<p class="western"><span style="color: #006633;"><span style="font-family: TimesNewRomanPS-ItalicMT, serif;"><span style="font-size: medium;">&#8211; Les artistes sélectionnés seront prévenus </span></span><span style="font-family: TimesNewRomanPS-ItalicMT, serif;"><span style="font-size: medium;">avant le <span style="color: #ff0000;">15 mars 2025</span></span></span><span style="font-family: TimesNewRomanPS-ItalicMT, serif;"><span style="font-size: medium;"> soit par mail soit par courrier ou téléphone et devront s’acquitter de la somme de 80 €. Un livret souvenir leur sera remis lors du dépôt des œuvres.</span></span></span></p>
<p class="western"><span style="font-family: TimesNewRomanPS-ItalicMT, serif; color: #006633;"><span style="font-size: medium;">&#8211; L’artiste s’engage à présenter obligatoirement les aquarelles qui ont fait l’objet d’une sélection, aucun échange ne sera possible.</span></span></p>
<p class="western"><span style="font-family: TimesNewRomanPS-ItalicMT, serif; color: #006633;"><span style="font-size: medium;">&#8211; L’artiste devra prévoir une uniformité dans leur encadrement. Les tableaux devront comporter une étiquette mentionnant, le nom de l’artiste, le titre de l’œuvre, son prix.</span></span></p>
<p class="western"><span style="font-family: TimesNewRomanPS-ItalicMT, serif; color: #006633;"><span style="font-size: medium;">&#8211; L’artiste donne son accord au salon pour que les éléments fournis par lui-même soient utilisés pour la réalisation d’un catalogue ou autres supports (affiches, articles de presse, internet, Facebook) dans le cadre du salon.</span></span></p>
<p class="western"><span style="font-family: TimesNewRomanPS-ItalicMT, serif; color: #006633;"><span style="font-size: medium;"><b>Accrochage :</b></span></span></p>
<p class="western"><span style="color: #006633;"><span style="font-family: TimesNewRomanPS-ItalicMT, serif;"><span style="font-size: medium;">-Les œuvres sélectionnées seront </span></span><span style="font-family: TimesNewRomanPS-ItalicMT, serif;"><span style="font-size: medium;">déposées le<span style="color: #ff0000;"> 17 juillet de 9H à 12h</span></span></span><span style="font-family: TimesNewRomanPS-ItalicMT, serif;"><span style="font-size: medium;"> et seront accrochées par les bénévoles de l’association. </span></span></span></p>
<p class="western"><span style="font-family: TimesNewRomanPS-ItalicMT, serif; color: #006633;"><span style="font-size: medium;">-Les organisateurs sont souverains pour la mise en valeur des œuvres et pour le choix de la surface d’accrochage pour chaque artiste. </span></span></p>
<p class="western"><span style="font-family: TimesNewRomanPS-ItalicMT, serif; color: #006633;"><span style="font-size: medium;"><b>Les ventes :</b></span></span></p>
<p class="western"><span style="font-family: TimesNewRomanPS-ItalicMT, serif; color: #006633;"><span style="font-size: medium;">Les artistes sélectionnés pourront présenter à la vente des livres à condition que ces derniers aient été répertoriés le jour de l’accrochage. Nous n’accepterons pas les cartes postales même si elles sont collectionnées en paquet. </span></span></p>
<p class="western"><span style="font-family: TimesNewRomanPS-ItalicMT, serif; color: #006633;"><span style="font-size: medium;">Les ventes seront encaissées par l’association qui se chargera de vous reverser la somme due à l’issue du salon après une retenue de 11 % pour les livres et de 16% pour les tableaux. </span></span></p>
<p class="western"><span style="font-family: TimesNewRomanPS-ItalicMT, serif; color: #006633;"><span style="font-size: medium;"><b>Les prix décernés :</b></span></span></p>
<p class="western"><span style="font-family: TimesNewRomanPS-ItalicMT, serif; color: #006633;"><span style="font-size: medium;">4 prix sont décernés par un jury composé d’invités d’honneur (nouveaux et anciens) : le prix de la ville, prix Sénamaud-Beaufort, prix des commerçants, prix Esquisse. Ces prix sont remis lors du vernissage.</span></span></p>
<p class="western"><span style="font-family: TimesNewRomanPS-ItalicMT, serif; color: #006633;"><span style="font-size: medium;"><b>Le Vernissage :</b></span></span></p>
<p class="western"><span style="font-family: TimesNewRomanPS-ItalicMT, serif; color: #006633;"><span style="font-size: medium;">Le vernissage de l’exposition s’effectuera le <span style="color: #ff0000;">samedi 19 juillet</span> à 19 h. </span></span></p>
<p class="western"><span style="font-family: TimesNewRomanPS-ItalicMT, serif; color: #006633;"><span style="font-size: medium;"><b>Les stages :</b></span></span></p>
<p class="western"><span style="font-family: TimesNewRomanPS-ItalicMT, serif; color: #006633;"><span style="font-size: medium;">Seuls les Invités d’honneur de l’année et les anciens Invités d’honneur ont la possibilité d’organiser des stages. Ces derniers doivent rapidement en informer les organisateurs pour prévoir la planification et la publicité.</span></span></p>
<p class="western"><span style="font-family: TimesNewRomanPS-ItalicMT, serif; color: #006633;"><span style="font-size: medium;"><b>Décrochage :</b></span></span></p>
<p class="western"><span style="color: #006633;"><span style="font-family: TimesNewRomanPS-ItalicMT, serif;"><span style="font-size: medium;">Le décrochage s’effectuera </span></span><span style="font-family: TimesNewRomanPS-ItalicMT, serif;"><span style="font-size: medium;">le <span style="color: #ff0000;">lundi </span></span></span><span style="color: #ff0000;"><span style="font-family: TimesNewRomanPS-ItalicMT, serif;"><span style="font-size: medium;"><u>matin</u></span></span><span style="font-family: TimesNewRomanPS-ItalicMT, serif;"><span style="font-size: medium;"> 18 août</span></span></span><span style="font-family: TimesNewRomanPS-ItalicMT, serif;"><span style="font-size: medium;"><span style="color: #ff0000;"> de 9 h  à 12 h</span>, il sera suivi d’un repas de clôture dont le tarif vous sera précisé (environ 25 euros).</span></span></span></p>
<p class="western"><span style="font-family: TimesNewRomanPS-ItalicMT, serif; color: #006633;"><span style="font-size: medium;"><b>Assurance :</b></span></span></p>
<p class="western"><span style="font-family: TimesNewRomanPS-ItalicMT, serif; color: #006633;"><span style="font-size: medium;">L’assurance des tableaux reste à la charge de chaque artiste. Le salon décline toute responsabilité en cas de vol ou détérioration des œuvres qui lui sont confiées.</span></span></p>
<p class="western" align="center"><span style="color: #006633;"><span style="font-family: TimesNewRomanPSMT, serif;"><span style="font-size: medium;">Isabelle Lavalley et Jean-Michel Devaux </span></span></span></p>
<p class="western" align="center"><span style="color: #006633;"><span style="font-family: TimesNewRomanPSMT, serif;"><span style="font-size: medium;">Co-Présidents du Salon international de l’Aquarelle</span></span></span></p>
<p class="western" align="center"><span style="color: #006633;"><span style="font-family: TimesNewRomanPSMT, serif;"><span style="font-size: medium;">5 Avenue de la Wantzenau</span></span></span></p>
<p class="western" align="center"><span style="color: #006633;"><span style="font-family: TimesNewRomanPSMT, serif;"><span style="font-size: medium;">87500 Saint Yrieix la Perche</span></span></span></p>
<p class="western" align="center"><span style="color: #006633;"><span style="font-family: TimesNewRomanPSMT, serif;"><span style="font-size: medium;">tel.0033- (0)9-64-40-27-10 et 0033-(0)6-89-38-47-16 / (0)6 72 56 98 89</span></span></span><i> </i></p>
<p style="text-align: center;" align="center"><span style="color: #006633;"><span style="font-family: Verdana,sans-serif;"><span style="font-size: small;"> </span></span></span></p>
<p style="text-align: justify;"><span style="color: #006633;"><span style="font-family: Verdana;"><span style="font-size: small;"> </span></span></span></p>

<p>Vous pouvez télécharger ici l&rsquo;intégralité du règlement et télécharger le bulletin de participation (version Française, Anglaise, Espagnole) afin de nous [&hellip;]</p>
