{"id":342,"date":"2013-12-01T16:04:31","date_gmt":"2013-12-01T15:04:31","guid":{"rendered":"http:\/\/salon-international-aquarelle.com\/WordPress3\/?page_id=342"},"modified":"2023-12-24T15:46:58","modified_gmt":"2023-12-24T14:46:58","slug":"deutch","status":"publish","type":"page","link":"https:\/\/salon-international-aquarelle.com\/WordPress3\/accueil\/deutch\/","title":{"rendered":"Deutsch"},"content":{"rendered":"<h1 class=\"western\" lang=\"en-GB\"><span style=\"font-size: medium;\"><i>Salon International de l\u2019Aquarelle\u00a0\u00a0\u00a0\u00a0\u00a0\u00a0\u00a0\u00a0\u00a0\u00a0\u00a0\u00a0\u00a0\u00a0\u00a0\u00a0\u00a0\u00a0\u00a0\u00a0\u00a0\u00a0\u00a0\u00a0\u00a0\u00a0\u00a0\u00a0\u00a0\u00a0\u00a0<\/i><\/span><\/h1>\n<p lang=\"en-GB\"><i><b>Mairie de Saint Yrieix la Perche<\/b><\/i><\/p>\n<p lang=\"en-GB\"><i><b>87500 Saint Yrieix la Perche<\/b><\/i><\/p>\n<p><span lang=\"en-GB\"><i>T\u00e9l\u00a0: <\/i><\/span>\u00a0<b> <\/b><span lang=\"en-GB\"><i><b>0033-(0)6-89-38-47-16<\/b><\/i><\/span><\/p>\n<p><span lang=\"en-GB\"><i>mail\u00a0: <a href=\"mailto:jm.devaux2@wanadoo.fr\" target=\"_top\" rel=\"noopener\">jm.devaux2@wanadoo.fr<\/a> <\/i><\/span><\/p>\n<p><span lang=\"en-GB\"><i><a href=\"http:\/\/www.salon-international-aquarelle.com\/\" target=\"_top\" rel=\"noopener\">www.salon-international-aquarelle.com<\/a> <\/i><\/span><\/p>\n<p><span style=\"color: #0000ff;\"><u><a href=\"https:\/\/www.facebook.com\/esquissearedienne\" target=\"_top\" rel=\"noopener\"><i>https:\/\/www.facebook.com\/esquissearedienne<\/i><\/a><\/u><\/span><i> <\/i><\/p>\n<h3 class=\"western\"><\/h3>\n<h3 class=\"western\"><\/h3>\n<h3 class=\"western\" lang=\"de-DE\"><span style=\"font-size: medium;\">Sehr geehrte Damen und Herren,<\/span><\/h3>\n<p align=\"justify\">\u00a0\u00a0\u00a0\u00a0\u00a0\u00a0\u00a0\u00a0 <span lang=\"de-DE\">der\u00a0 \u00ab\u00a0<\/span><span lang=\"de-DE\"><i>Salon International de l\u2019Aquarelle<\/i><\/span><span lang=\"de-DE\">\u00a0\u00bb in Saint Yrieix la Perche (Departement Haute-Vienne, Region Nouvelle Aquitaine, Partnerregion des Bezirks Mittelfranken in Bayern) besteht seit neunzehn Jahren.<\/span><\/p>\n<p lang=\"de-DE\" align=\"justify\">Im Jahr 2023 haben mehr als 9000 Personen aus dem Ausland und aus ganz Frankreich diese au\u00dfergew\u00f6hnliche Aquarell-Ausstellung besucht.<\/p>\n<p lang=\"de-DE\" align=\"center\"><i><b>Zum zw\u00f6lfte\u00a0 \u00abSalon International de l\u2019Aquarelle\u00a0\u00bb,<\/b><\/i><\/p>\n<p lang=\"de-DE\" align=\"center\"><i><b>der in der Zeit vom 20. Juli bis 18. August 2024 geplant ist,<\/b><\/i><\/p>\n<p lang=\"de-DE\" align=\"center\"><i><b>laden wir Sie ganz herzlich ein.<\/b><\/i><\/p>\n<p lang=\"de-DE\" align=\"justify\">Ziel dieser Ausstellung ist die F\u00f6rderung der Aquarell-Malerei, Werke von bekannten K\u00fcnstlern zu pr\u00e4sentieren und neue K\u00fcnstler bekannt zu machen.<\/p>\n<p lang=\"de-DE\" align=\"justify\">Die Ausstellung findet an drei verschiedenen Orten im Herzen der Altstadt von Saint Yrieix statt und will das breite Publikum ansprechen.<\/p>\n<p lang=\"de-DE\" align=\"justify\">Die Veranstaltung soll in einer ungezwungenen und freundschaftlichen Atmosph\u00e4re den Austausch zwischen K\u00fcnstlern und Publikum f\u00f6rdern.<\/p>\n<p align=\"justify\"><span lang=\"de-DE\">Unsere <\/span><span lang=\"de-DE\"><b>Ehreng\u00e4ste<\/b><\/span><span lang=\"de-DE\"> im Jahr 2024 sind <\/span><i>Francis Cordina, France<br \/>\n<\/i><\/p>\n<p align=\"justify\"><strong><i>und<\/i><\/strong><i> <\/i><strong><i>Michelle Lin <\/i><\/strong><strong><span lang=\"de-DE\"><i>aus China.<\/i><\/span><\/strong><\/p>\n<p lang=\"de-DE\"><u>Teilnahmebedingungen:<\/u><\/p>\n<p align=\"justify\">\n<p align=\"justify\"><span lang=\"de-DE\"><u>Kosten:<\/u><\/span>\u00a0 8<span lang=\"de-DE\">0 \u20ac Anmeldungsgeb\u00fchr (Katalog im Preis inbegriffen), die Zahl der ausgestellten Bilder wird von der Jury festgelegt.<\/span><\/p>\n<p lang=\"de-DE\" align=\"justify\">Beim Verkauf von Bildern verbleiben dem Veranstalter 16 % vom Verkaufspreis (der Rahmen ist im Preis inbegriffen).<\/p>\n<p align=\"justify\">\n<p align=\"justify\"><span lang=\"de-DE\"><u>Abgabe der Bilder<\/u><\/span><span lang=\"de-DE\">: Donnerstag, 18. Juli zwischen 9 und 12 Uhr.<\/span><\/p>\n<p align=\"justify\">\n<p align=\"justify\"><span lang=\"de-DE\"><u>Vernissage<\/u><\/span><span lang=\"de-DE\">: Sonntag, 20 Juli, 19 Uhr, mit Vertretern der Stadt und der Region, die Anwesenheit der K\u00fcnstler ist erw\u00fcnscht. Es werden Preise f\u00fcr die sch\u00f6nsten Aquarelle verliehen.<\/span><\/p>\n<p align=\"justify\">\n<p lang=\"de-DE\" align=\"justify\">Wir w\u00fcrden uns sehr freuen, wenn Aquarellmaler aus Mittelfranken aber auch aus ganz Deutschland bei dieser Begegnung in Saint-Yrieix, teilnehmen k\u00f6nnten.<\/p>\n<p lang=\"de-DE\" align=\"center\">Isabelle Lavalley et Jean-Michel Devaux<\/p>\n<p lang=\"de-DE\" align=\"center\">Co-Pr\u00e9sidents<\/p>\n<p lang=\"es-ES\" align=\"center\">5 Avenue de la Wantzenau<\/p>\n<p lang=\"es-ES\" align=\"center\">87500 Saint Yrieix la Perche Frankreich<\/p>\n<p lang=\"es-ES\" align=\"center\">tel. 0033-(0)9-65-25-54-50 et 0033-(0)6-89-38-47-16<\/p>\n","protected":false},"excerpt":{"rendered":"<p>Salon International de l\u2019Aquarelle\u00a0\u00a0\u00a0\u00a0\u00a0\u00a0\u00a0\u00a0\u00a0\u00a0\u00a0\u00a0\u00a0\u00a0\u00a0\u00a0\u00a0\u00a0\u00a0\u00a0\u00a0\u00a0\u00a0\u00a0\u00a0\u00a0\u00a0\u00a0\u00a0\u00a0\u00a0 Mairie de Saint Yrieix la Perche 87500 Saint Yrieix la Perche T\u00e9l\u00a0: \u00a0 0033-(0)6-89-38-47-16 mail\u00a0: jm.devaux2@wanadoo.fr [&hellip;]<\/p>\n","protected":false},"author":1,"featured_media":0,"parent":2,"menu_order":30,"comment_status":"closed","ping_status":"open","template":"","meta":{"site-sidebar-layout":"default","site-content-layout":"","ast-site-content-layout":"default","site-content-style":"default","site-sidebar-style":"default","ast-global-header-display":"","ast-banner-title-visibility":"","ast-main-header-display":"","ast-hfb-above-header-display":"","ast-hfb-below-header-display":"","ast-hfb-mobile-header-display":"","site-post-title":"","ast-breadcrumbs-content":"","ast-featured-img":"","footer-sml-layout":"","theme-transparent-header-meta":"","adv-header-id-meta":"","stick-header-meta":"","header-above-stick-meta":"","header-main-stick-meta":"","header-below-stick-meta":"","astra-migrate-meta-layouts":"default","ast-page-background-enabled":"default","ast-page-background-meta":{"desktop":{"background-color":"var(--ast-global-color-4)","background-image":"","background-repeat":"repeat","background-position":"center center","background-size":"auto","background-attachment":"scroll","background-type":"","background-media":"","overlay-type":"","overlay-color":"","overlay-opacity":"","overlay-gradient":""},"tablet":{"background-color":"","background-image":"","background-repeat":"repeat","background-position":"center center","background-size":"auto","background-attachment":"scroll","background-type":"","background-media":"","overlay-type":"","overlay-color":"","overlay-opacity":"","overlay-gradient":""},"mobile":{"background-color":"","background-image":"","background-repeat":"repeat","background-position":"center center","background-size":"auto","background-attachment":"scroll","background-type":"","background-media":"","overlay-type":"","overlay-color":"","overlay-opacity":"","overlay-gradient":""}},"ast-content-background-meta":{"desktop":{"background-color":"var(--ast-global-color-5)","background-image":"","background-repeat":"repeat","background-position":"center center","background-size":"auto","background-attachment":"scroll","background-type":"","background-media":"","overlay-type":"","overlay-color":"","overlay-opacity":"","overlay-gradient":""},"tablet":{"background-color":"var(--ast-global-color-5)","background-image":"","background-repeat":"repeat","background-position":"center center","background-size":"auto","background-attachment":"scroll","background-type":"","background-media":"","overlay-type":"","overlay-color":"","overlay-opacity":"","overlay-gradient":""},"mobile":{"background-color":"var(--ast-global-color-5)","background-image":"","background-repeat":"repeat","background-position":"center center","background-size":"auto","background-attachment":"scroll","background-type":"","background-media":"","overlay-type":"","overlay-color":"","overlay-opacity":"","overlay-gradient":""}},"jetpack_post_was_ever_published":false,"footnotes":""},"class_list":["post-342","page","type-page","status-publish","hentry"],"jetpack_sharing_enabled":true,"jetpack_shortlink":"https:\/\/wp.me\/PgfGnI-5w","_links":{"self":[{"href":"https:\/\/salon-international-aquarelle.com\/WordPress3\/wp-json\/wp\/v2\/pages\/342","targetHints":{"allow":["GET"]}}],"collection":[{"href":"https:\/\/salon-international-aquarelle.com\/WordPress3\/wp-json\/wp\/v2\/pages"}],"about":[{"href":"https:\/\/salon-international-aquarelle.com\/WordPress3\/wp-json\/wp\/v2\/types\/page"}],"author":[{"embeddable":true,"href":"https:\/\/salon-international-aquarelle.com\/WordPress3\/wp-json\/wp\/v2\/users\/1"}],"replies":[{"embeddable":true,"href":"https:\/\/salon-international-aquarelle.com\/WordPress3\/wp-json\/wp\/v2\/comments?post=342"}],"version-history":[{"count":18,"href":"https:\/\/salon-international-aquarelle.com\/WordPress3\/wp-json\/wp\/v2\/pages\/342\/revisions"}],"predecessor-version":[{"id":1734,"href":"https:\/\/salon-international-aquarelle.com\/WordPress3\/wp-json\/wp\/v2\/pages\/342\/revisions\/1734"}],"up":[{"embeddable":true,"href":"https:\/\/salon-international-aquarelle.com\/WordPress3\/wp-json\/wp\/v2\/pages\/2"}],"wp:attachment":[{"href":"https:\/\/salon-international-aquarelle.com\/WordPress3\/wp-json\/wp\/v2\/media?parent=342"}],"curies":[{"name":"wp","href":"https:\/\/api.w.org\/{rel}","templated":true}]}}

<h1 class="western" lang="en-GB"><span style="font-size: medium;"><i>Salon International de l’Aquarelle                               </i></span></h1>
<p lang="en-GB"><i><b>Mairie de Saint Yrieix la Perche</b></i></p>
<p lang="en-GB"><i><b>87500 Saint Yrieix la Perche</b></i></p>
<p><span lang="en-GB"><i>Tél : </i></span> <b> </b><span lang="en-GB"><i><b>0033-(0)6-89-38-47-16</b></i></span></p>
<p><span lang="en-GB"><i>mail : <a href="mailto:jm.devaux2@wanadoo.fr" target="_top" rel="noopener">jm.devaux2@wanadoo.fr</a> </i></span></p>
<p><span lang="en-GB"><i><a href="http://www.salon-international-aquarelle.com/" target="_top" rel="noopener">www.salon-international-aquarelle.com</a> </i></span></p>
<p><span style="color: #0000ff;"><u><a href="https://www.facebook.com/esquissearedienne" target="_top" rel="noopener"><i>https://www.facebook.com/esquissearedienne</i></a></u></span><i> </i></p>
<h3 class="western"></h3>
<h3 class="western"></h3>
<h3 class="western" lang="de-DE"><span style="font-size: medium;">Sehr geehrte Damen und Herren,</span></h3>
<p align="justify">         <span lang="de-DE">der  « </span><span lang="de-DE"><i>Salon International de l’Aquarelle</i></span><span lang="de-DE"> » in Saint Yrieix la Perche (Departement Haute-Vienne, Region Nouvelle Aquitaine, Partnerregion des Bezirks Mittelfranken in Bayern) besteht seit neunzehn Jahren.</span></p>
<p lang="de-DE" align="justify">Im Jahr 2023 haben mehr als 9000 Personen aus dem Ausland und aus ganz Frankreich diese außergewöhnliche Aquarell-Ausstellung besucht.</p>
<p lang="de-DE" align="center"><i><b>Zum zwölfte  «Salon International de l’Aquarelle »,</b></i></p>
<p lang="de-DE" align="center"><i><b>der in der Zeit vom 20. Juli bis 18. August 2024 geplant ist,</b></i></p>
<p lang="de-DE" align="center"><i><b>laden wir Sie ganz herzlich ein.</b></i></p>
<p lang="de-DE" align="justify">Ziel dieser Ausstellung ist die Förderung der Aquarell-Malerei, Werke von bekannten Künstlern zu präsentieren und neue Künstler bekannt zu machen.</p>
<p lang="de-DE" align="justify">Die Ausstellung findet an drei verschiedenen Orten im Herzen der Altstadt von Saint Yrieix statt und will das breite Publikum ansprechen.</p>
<p lang="de-DE" align="justify">Die Veranstaltung soll in einer ungezwungenen und freundschaftlichen Atmosphäre den Austausch zwischen Künstlern und Publikum fördern.</p>
<p align="justify"><span lang="de-DE">Unsere </span><span lang="de-DE"><b>Ehrengäste</b></span><span lang="de-DE"> im Jahr 2024 sind </span><i>Francis Cordina, France<br />
</i></p>
<p align="justify"><strong><i>und</i></strong><i> </i><strong><i>Michelle Lin </i></strong><strong><span lang="de-DE"><i>aus China.</i></span></strong></p>
<p lang="de-DE"><u>Teilnahmebedingungen:</u></p>
<p align="justify">
<p align="justify"><span lang="de-DE"><u>Kosten:</u></span>  8<span lang="de-DE">0 € Anmeldungsgebühr (Katalog im Preis inbegriffen), die Zahl der ausgestellten Bilder wird von der Jury festgelegt.</span></p>
<p lang="de-DE" align="justify">Beim Verkauf von Bildern verbleiben dem Veranstalter 16 % vom Verkaufspreis (der Rahmen ist im Preis inbegriffen).</p>
<p align="justify">
<p align="justify"><span lang="de-DE"><u>Abgabe der Bilder</u></span><span lang="de-DE">: Donnerstag, 18. Juli zwischen 9 und 12 Uhr.</span></p>
<p align="justify">
<p align="justify"><span lang="de-DE"><u>Vernissage</u></span><span lang="de-DE">: Sonntag, 20 Juli, 19 Uhr, mit Vertretern der Stadt und der Region, die Anwesenheit der Künstler ist erwünscht. Es werden Preise für die schönsten Aquarelle verliehen.</span></p>
<p align="justify">
<p lang="de-DE" align="justify">Wir würden uns sehr freuen, wenn Aquarellmaler aus Mittelfranken aber auch aus ganz Deutschland bei dieser Begegnung in Saint-Yrieix, teilnehmen könnten.</p>
<p lang="de-DE" align="center">Isabelle Lavalley et Jean-Michel Devaux</p>
<p lang="de-DE" align="center">Co-Présidents</p>
<p lang="es-ES" align="center">5 Avenue de la Wantzenau</p>
<p lang="es-ES" align="center">87500 Saint Yrieix la Perche Frankreich</p>
<p lang="es-ES" align="center">tel. 0033-(0)9-65-25-54-50 et 0033-(0)6-89-38-47-16</p>

<p>Salon International de l’Aquarelle                                Mairie de Saint Yrieix la Perche 87500 Saint Yrieix la Perche Tél :   0033-(0)6-89-38-47-16 mail : jm.devaux2@wanadoo.fr [&hellip;]</p>
