{"id":2969,"date":"2025-08-12T18:00:14","date_gmt":"2025-08-12T16:00:14","guid":{"rendered":"https:\/\/salon-international-aquarelle.com\/WordPress3\/?page_id=2969"},"modified":"2026-03-24T18:38:04","modified_gmt":"2026-03-24T17:38:04","slug":"salon-2026","status":"publish","type":"page","link":"https:\/\/salon-international-aquarelle.com\/WordPress3\/salon-2026\/","title":{"rendered":"Salon 2026"},"content":{"rendered":"\n<p style=\"text-align: center;\">Notre salon 2026 aura lieu du 18 juillet au 16 ao\u00fbt 2026<\/p>\n<p style=\"text-align: center;\">Le th\u00e8me sera \u00ab\u00a0Racine\u00a0\u00bb<\/p>\n<p>Nos invit\u00e9s d&rsquo;honneur<\/p>\n<table style=\"border-collapse: collapse; width: 100%;\">\n<tbody>\n<tr>\n<td style=\"width: 25%; text-align: center;\" colspan=\"2\"><strong>Christine Cr\u00e9halet<\/strong><\/td>\n<td style=\"width: 25%; text-align: center;\" colspan=\"2\"><strong>Sergiy Lysyy<\/strong><\/td>\n<\/tr>\n<tr>\n<td style=\"width: 25%;\"><a href=\"https:\/\/salon-international-aquarelle.com\/WordPress3\/wp-content\/uploads\/2026\/03\/Christine-Crehalet-En-baie-de-Somme-scaled.jpg\"><img loading=\"lazy\" decoding=\"async\" class=\"aligncenter wp-image-3130 \" src=\"https:\/\/salon-international-aquarelle.com\/WordPress3\/wp-content\/uploads\/2026\/03\/Christine-Crehalet-En-baie-de-Somme-scaled.jpg\" alt=\"\" width=\"231\" height=\"327\" srcset=\"https:\/\/salon-international-aquarelle.com\/WordPress3\/wp-content\/uploads\/2026\/03\/Christine-Crehalet-En-baie-de-Somme-scaled.jpg 1809w, https:\/\/salon-international-aquarelle.com\/WordPress3\/wp-content\/uploads\/2026\/03\/Christine-Crehalet-En-baie-de-Somme-212x300.jpg 212w, https:\/\/salon-international-aquarelle.com\/WordPress3\/wp-content\/uploads\/2026\/03\/Christine-Crehalet-En-baie-de-Somme-724x1024.jpg 724w, https:\/\/salon-international-aquarelle.com\/WordPress3\/wp-content\/uploads\/2026\/03\/Christine-Crehalet-En-baie-de-Somme-768x1087.jpg 768w, https:\/\/salon-international-aquarelle.com\/WordPress3\/wp-content\/uploads\/2026\/03\/Christine-Crehalet-En-baie-de-Somme-1085x1536.jpg 1085w, https:\/\/salon-international-aquarelle.com\/WordPress3\/wp-content\/uploads\/2026\/03\/Christine-Crehalet-En-baie-de-Somme-1447x2048.jpg 1447w\" sizes=\"auto, (max-width: 231px) 100vw, 231px\" \/><\/a><\/td>\n<td style=\"width: 25%;\"><a href=\"https:\/\/salon-international-aquarelle.com\/WordPress3\/wp-content\/uploads\/2026\/03\/Christine-Crehalet-Etang-en-automne-scaled.jpg\"><img loading=\"lazy\" decoding=\"async\" class=\"aligncenter wp-image-3131 size-full\" src=\"https:\/\/salon-international-aquarelle.com\/WordPress3\/wp-content\/uploads\/2026\/03\/Christine-Crehalet-Etang-en-automne-scaled.jpg\" alt=\"\" width=\"2560\" height=\"1901\" srcset=\"https:\/\/salon-international-aquarelle.com\/WordPress3\/wp-content\/uploads\/2026\/03\/Christine-Crehalet-Etang-en-automne-scaled.jpg 2560w, https:\/\/salon-international-aquarelle.com\/WordPress3\/wp-content\/uploads\/2026\/03\/Christine-Crehalet-Etang-en-automne-300x223.jpg 300w, https:\/\/salon-international-aquarelle.com\/WordPress3\/wp-content\/uploads\/2026\/03\/Christine-Crehalet-Etang-en-automne-1024x760.jpg 1024w, https:\/\/salon-international-aquarelle.com\/WordPress3\/wp-content\/uploads\/2026\/03\/Christine-Crehalet-Etang-en-automne-768x570.jpg 768w, https:\/\/salon-international-aquarelle.com\/WordPress3\/wp-content\/uploads\/2026\/03\/Christine-Crehalet-Etang-en-automne-1536x1140.jpg 1536w, https:\/\/salon-international-aquarelle.com\/WordPress3\/wp-content\/uploads\/2026\/03\/Christine-Crehalet-Etang-en-automne-2048x1521.jpg 2048w\" sizes=\"auto, (max-width: 2560px) 100vw, 2560px\" \/><\/a><\/td>\n<td style=\"width: 25%;\"><a href=\"https:\/\/salon-international-aquarelle.com\/WordPress3\/wp-content\/uploads\/2025\/08\/IMG_3896-1.jpg\"><img loading=\"lazy\" decoding=\"async\" class=\"aligncenter  wp-image-2974\" src=\"https:\/\/salon-international-aquarelle.com\/WordPress3\/wp-content\/uploads\/2025\/08\/IMG_3896-1.jpg\" alt=\"\" width=\"245\" height=\"200\" srcset=\"https:\/\/salon-international-aquarelle.com\/WordPress3\/wp-content\/uploads\/2025\/08\/IMG_3896-1.jpg 1241w, https:\/\/salon-international-aquarelle.com\/WordPress3\/wp-content\/uploads\/2025\/08\/IMG_3896-1-300x245.jpg 300w, https:\/\/salon-international-aquarelle.com\/WordPress3\/wp-content\/uploads\/2025\/08\/IMG_3896-1-1024x836.jpg 1024w, https:\/\/salon-international-aquarelle.com\/WordPress3\/wp-content\/uploads\/2025\/08\/IMG_3896-1-768x627.jpg 768w\" sizes=\"auto, (max-width: 245px) 100vw, 245px\" \/><\/a><\/td>\n<td style=\"width: 25%;\"><a href=\"https:\/\/salon-international-aquarelle.com\/WordPress3\/wp-content\/uploads\/2025\/08\/IMG_4012.jpg\"><img loading=\"lazy\" decoding=\"async\" class=\"aligncenter  wp-image-2973\" src=\"https:\/\/salon-international-aquarelle.com\/WordPress3\/wp-content\/uploads\/2025\/08\/IMG_4012.jpg\" alt=\"\" width=\"269\" height=\"204\" srcset=\"https:\/\/salon-international-aquarelle.com\/WordPress3\/wp-content\/uploads\/2025\/08\/IMG_4012.jpg 1280w, https:\/\/salon-international-aquarelle.com\/WordPress3\/wp-content\/uploads\/2025\/08\/IMG_4012-300x228.jpg 300w, https:\/\/salon-international-aquarelle.com\/WordPress3\/wp-content\/uploads\/2025\/08\/IMG_4012-1024x778.jpg 1024w, https:\/\/salon-international-aquarelle.com\/WordPress3\/wp-content\/uploads\/2025\/08\/IMG_4012-768x583.jpg 768w\" sizes=\"auto, (max-width: 269px) 100vw, 269px\" \/><\/a><\/td>\n<\/tr>\n<\/tbody>\n<\/table>\n<p><strong>Les stages annonc\u00e9s<\/strong>\u00a0<\/p>\n<p>&#8211; <strong>Sergiy Lysyy les 20, 21 et 22 juillet<\/strong> (Prix 240 \u20ac) . d\u00e9monstration le 19\/07 \u00e0 14h30\u00a0 Descriptif : Pour tous les \u00e9l\u00e8ves, je r\u00e9alise de l\u00e9gers croquis au crayon sur mon papier Saunders 38&#215;56. Cela acc\u00e9l\u00e8re le processus et facilite la le\u00e7on pour beaucoup. Ensuite, nous dessinons \u00e9tape par \u00e9tape, par petits fragments (cela permet aux \u00e9l\u00e8ves de m\u00e9moriser plus facilement la m\u00e9thode et de la r\u00e9p\u00e9ter plus facilement). M\u00eame les artistes d\u00e9butants obtiennent toujours d&rsquo;excellents r\u00e9sultats.<\/p>\n<p>&#8211;<strong> David Chauvin les 21 et 22 juillet<\/strong> (Prix 160 \u20ac)<\/p>\n<p>&#8211; <strong>Alexis Le Borgne<\/strong> 20, 21 et 22 juillet 2026 \u00ab\u00a0La libert\u00e9 du geste et du l\u00e2cher prise\u00a0\u00bb d\u00e9butant et confirm\u00e9. Prix 270 \u20ac<\/p>\n<p>&#8211; <strong>Christine Cr\u00e9halet<\/strong> les 6, 7 et 8 ao\u00fbt 2026 \u00ab\u00a0Traduire la nature en couleurs\u00a0\u00bb Prix 225 \u20ac<\/p>\n<p>&#8211; <strong>Adam Papke<\/strong> 30 juillet, 31 juillet, 1 et 2 ao\u00fbt \u00ab\u00a0Lumi\u00e8re et couleur dans un paysage ph\u00e9nom\u00e9nal\u00a0\u00bb prix 400 \u20ac<\/p>\n<p>&#8211; <strong>Kristina Jurick<\/strong> les 20 au 23 juillet 2026 (stage complet)<\/p>\n","protected":false},"excerpt":{"rendered":"<p>Notre salon 2026 aura lieu du 18 juillet au 16 ao\u00fbt 2026 Le th\u00e8me sera \u00ab\u00a0Racine\u00a0\u00bb Nos invit\u00e9s d&rsquo;honneur Christine [&hellip;]<\/p>\n","protected":false},"author":1,"featured_media":0,"parent":0,"menu_order":0,"comment_status":"closed","ping_status":"closed","template":"","meta":{"site-sidebar-layout":"default","site-content-layout":"","ast-site-content-layout":"","site-content-style":"default","site-sidebar-style":"default","ast-global-header-display":"","ast-banner-title-visibility":"","ast-main-header-display":"","ast-hfb-above-header-display":"","ast-hfb-below-header-display":"","ast-hfb-mobile-header-display":"","site-post-title":"disabled","ast-breadcrumbs-content":"","ast-featured-img":"","footer-sml-layout":"","theme-transparent-header-meta":"","adv-header-id-meta":"","stick-header-meta":"","header-above-stick-meta":"","header-main-stick-meta":"","header-below-stick-meta":"","astra-migrate-meta-layouts":"default","ast-page-background-enabled":"default","ast-page-background-meta":{"desktop":{"background-color":"var(--ast-global-color-4)","background-image":"","background-repeat":"repeat","background-position":"center center","background-size":"auto","background-attachment":"scroll","background-type":"","background-media":"","overlay-type":"","overlay-color":"","overlay-opacity":"","overlay-gradient":""},"tablet":{"background-color":"","background-image":"","background-repeat":"repeat","background-position":"center center","background-size":"auto","background-attachment":"scroll","background-type":"","background-media":"","overlay-type":"","overlay-color":"","overlay-opacity":"","overlay-gradient":""},"mobile":{"background-color":"","background-image":"","background-repeat":"repeat","background-position":"center center","background-size":"auto","background-attachment":"scroll","background-type":"","background-media":"","overlay-type":"","overlay-color":"","overlay-opacity":"","overlay-gradient":""}},"ast-content-background-meta":{"desktop":{"background-color":"var(--ast-global-color-5)","background-image":"","background-repeat":"repeat","background-position":"center center","background-size":"auto","background-attachment":"scroll","background-type":"","background-media":"","overlay-type":"","overlay-color":"","overlay-opacity":"","overlay-gradient":""},"tablet":{"background-color":"var(--ast-global-color-5)","background-image":"","background-repeat":"repeat","background-position":"center center","background-size":"auto","background-attachment":"scroll","background-type":"","background-media":"","overlay-type":"","overlay-color":"","overlay-opacity":"","overlay-gradient":""},"mobile":{"background-color":"var(--ast-global-color-5)","background-image":"","background-repeat":"repeat","background-position":"center center","background-size":"auto","background-attachment":"scroll","background-type":"","background-media":"","overlay-type":"","overlay-color":"","overlay-opacity":"","overlay-gradient":""}},"jetpack_post_was_ever_published":false,"footnotes":""},"class_list":["post-2969","page","type-page","status-publish","hentry"],"jetpack_sharing_enabled":true,"jetpack_shortlink":"https:\/\/wp.me\/PgfGnI-LT","_links":{"self":[{"href":"https:\/\/salon-international-aquarelle.com\/WordPress3\/wp-json\/wp\/v2\/pages\/2969","targetHints":{"allow":["GET"]}}],"collection":[{"href":"https:\/\/salon-international-aquarelle.com\/WordPress3\/wp-json\/wp\/v2\/pages"}],"about":[{"href":"https:\/\/salon-international-aquarelle.com\/WordPress3\/wp-json\/wp\/v2\/types\/page"}],"author":[{"embeddable":true,"href":"https:\/\/salon-international-aquarelle.com\/WordPress3\/wp-json\/wp\/v2\/users\/1"}],"replies":[{"embeddable":true,"href":"https:\/\/salon-international-aquarelle.com\/WordPress3\/wp-json\/wp\/v2\/comments?post=2969"}],"version-history":[{"count":7,"href":"https:\/\/salon-international-aquarelle.com\/WordPress3\/wp-json\/wp\/v2\/pages\/2969\/revisions"}],"predecessor-version":[{"id":3132,"href":"https:\/\/salon-international-aquarelle.com\/WordPress3\/wp-json\/wp\/v2\/pages\/2969\/revisions\/3132"}],"wp:attachment":[{"href":"https:\/\/salon-international-aquarelle.com\/WordPress3\/wp-json\/wp\/v2\/media?parent=2969"}],"curies":[{"name":"wp","href":"https:\/\/api.w.org\/{rel}","templated":true}]}}