{"id":2027,"date":"2024-12-25T12:01:23","date_gmt":"2024-12-25T11:01:23","guid":{"rendered":"https:\/\/salon-international-aquarelle.com\/WordPress3\/?page_id=2027"},"modified":"2025-11-15T12:04:44","modified_gmt":"2025-11-15T11:04:44","slug":"liste-des-demonstrations","status":"publish","type":"page","link":"https:\/\/salon-international-aquarelle.com\/WordPress3\/liste-des-demonstrations\/","title":{"rendered":"Liste des d\u00e9monstrations"},"content":{"rendered":"\n\n<table id=\"tablepress-14\" class=\"tablepress tablepress-id-14\">\n<tbody class=\"row-hover\">\n<tr class=\"row-1\">\n\t<td class=\"column-1\"><a href=\"https:\/\/salon-international-aquarelle.com\/WordPress3\/activites-2025\/\">Activit\u00e9s 2026<\/a><\/td><td class=\"column-2\"><a href=\"https:\/\/salon-international-aquarelle.com\/WordPress3\/liste-des-stages\/\">Liste des stages<\/a><\/td><td class=\"column-3\"><a href=\"https:\/\/salon-international-aquarelle.com\/WordPress3\/sinscrire-a-un-stage\/\">S'inscrire \u00e0 un stage<\/a><\/td><td class=\"column-4\"><a href=\"https:\/\/salon-international-aquarelle.com\/WordPress3\/liste-des-demonstrations\/\">Les d\u00e9mos<\/a><\/td><td class=\"column-5\"><a href=\"https:\/\/salon-international-aquarelle.com\/WordPress3\/liste-des-conferences\/\">Les conf\u00e9rences <\/a><\/td><td class=\"column-6\"><a href=\"https:\/\/salon-international-aquarelle.com\/WordPress3\/ateliers\/\">Les Ateliers <\/a><\/td>\n<\/tr>\n<\/tbody>\n<\/table>\n<!-- #tablepress-14 from cache -->\n\n\n\n<table style=\"border-collapse: collapse; width: 100%;\">\n<tbody>\n<tr>\n<td style=\"width: 51.5%;\" colspan=\"2\" rowspan=\"4\">\n<p>Carlos DOS SANTOS MARQUES &#8211; Spectacle de peinture gratuit dimanche 19 juillet 2026 \u00e0 17h<br \/>David CHAUVIN &#8211; d\u00e9monstration lundi 20 juillet 2026 \u00e0 14h30<br \/>Michal JASIEWICZ &#8211; d\u00e9monstration samedi 18 juillet 2026 \u00e0 10h30<br \/>Sergiy LySYY &#8211; d\u00e9monstration dimanche 19 juillet 2026 \u00e0 14h<br \/>Anastasiya MOUCHAN &#8211; d\u00e9monstration dimanche 26 juillet 2026 \u00e0 17h<br \/>Keiko HOSHINO &#8211; d\u00e9monstration mardi 28 juillet 2026 \u00e0 16h\u00a0<br \/>Adam PAPKE &#8211; d\u00e9monstration mercredi 29 juillet 2026 \u00e0 16h<br \/>Kristina JURICK -D\u00e9monstration dimanche 19 juillet 2026 \u00e0 10h30<br \/>B\u00e9atrice MOREL -D\u00e9monstration dimanche 9 ao\u00fbt 2026 \u00e0 15h\u00a0<\/p>\n<p class=\"western\" align=\"left\">\u00a0<\/p>\n<\/td>\n<\/tr>\n<\/tbody>\n<\/table>\n\n\n\n\n\n\n","protected":false},"excerpt":{"rendered":"<p>Carlos DOS SANTOS MARQUES &#8211; Spectacle de peinture gratuit dimanche 19 juillet 2026 \u00e0 17hDavid CHAUVIN &#8211; d\u00e9monstration lundi 20 [&hellip;]<\/p>\n","protected":false},"author":1,"featured_media":0,"parent":0,"menu_order":0,"comment_status":"closed","ping_status":"closed","template":"","meta":{"site-sidebar-layout":"default","site-content-layout":"","ast-site-content-layout":"","site-content-style":"default","site-sidebar-style":"default","ast-global-header-display":"","ast-banner-title-visibility":"","ast-main-header-display":"","ast-hfb-above-header-display":"","ast-hfb-below-header-display":"","ast-hfb-mobile-header-display":"","site-post-title":"disabled","ast-breadcrumbs-content":"","ast-featured-img":"","footer-sml-layout":"","theme-transparent-header-meta":"","adv-header-id-meta":"","stick-header-meta":"","header-above-stick-meta":"","header-main-stick-meta":"","header-below-stick-meta":"","astra-migrate-meta-layouts":"default","ast-page-background-enabled":"default","ast-page-background-meta":{"desktop":{"background-color":"var(--ast-global-color-4)","background-image":"","background-repeat":"repeat","background-position":"center center","background-size":"auto","background-attachment":"scroll","background-type":"","background-media":"","overlay-type":"","overlay-color":"","overlay-opacity":"","overlay-gradient":""},"tablet":{"background-color":"","background-image":"","background-repeat":"repeat","background-position":"center center","background-size":"auto","background-attachment":"scroll","background-type":"","background-media":"","overlay-type":"","overlay-color":"","overlay-opacity":"","overlay-gradient":""},"mobile":{"background-color":"","background-image":"","background-repeat":"repeat","background-position":"center center","background-size":"auto","background-attachment":"scroll","background-type":"","background-media":"","overlay-type":"","overlay-color":"","overlay-opacity":"","overlay-gradient":""}},"ast-content-background-meta":{"desktop":{"background-color":"var(--ast-global-color-5)","background-image":"","background-repeat":"repeat","background-position":"center center","background-size":"auto","background-attachment":"scroll","background-type":"","background-media":"","overlay-type":"","overlay-color":"","overlay-opacity":"","overlay-gradient":""},"tablet":{"background-color":"var(--ast-global-color-5)","background-image":"","background-repeat":"repeat","background-position":"center center","background-size":"auto","background-attachment":"scroll","background-type":"","background-media":"","overlay-type":"","overlay-color":"","overlay-opacity":"","overlay-gradient":""},"mobile":{"background-color":"var(--ast-global-color-5)","background-image":"","background-repeat":"repeat","background-position":"center center","background-size":"auto","background-attachment":"scroll","background-type":"","background-media":"","overlay-type":"","overlay-color":"","overlay-opacity":"","overlay-gradient":""}},"jetpack_post_was_ever_published":false,"footnotes":""},"class_list":["post-2027","page","type-page","status-publish","hentry"],"jetpack_sharing_enabled":true,"jetpack_shortlink":"https:\/\/wp.me\/PgfGnI-wH","_links":{"self":[{"href":"https:\/\/salon-international-aquarelle.com\/WordPress3\/wp-json\/wp\/v2\/pages\/2027","targetHints":{"allow":["GET"]}}],"collection":[{"href":"https:\/\/salon-international-aquarelle.com\/WordPress3\/wp-json\/wp\/v2\/pages"}],"about":[{"href":"https:\/\/salon-international-aquarelle.com\/WordPress3\/wp-json\/wp\/v2\/types\/page"}],"author":[{"embeddable":true,"href":"https:\/\/salon-international-aquarelle.com\/WordPress3\/wp-json\/wp\/v2\/users\/1"}],"replies":[{"embeddable":true,"href":"https:\/\/salon-international-aquarelle.com\/WordPress3\/wp-json\/wp\/v2\/comments?post=2027"}],"version-history":[{"count":5,"href":"https:\/\/salon-international-aquarelle.com\/WordPress3\/wp-json\/wp\/v2\/pages\/2027\/revisions"}],"predecessor-version":[{"id":3073,"href":"https:\/\/salon-international-aquarelle.com\/WordPress3\/wp-json\/wp\/v2\/pages\/2027\/revisions\/3073"}],"wp:attachment":[{"href":"https:\/\/salon-international-aquarelle.com\/WordPress3\/wp-json\/wp\/v2\/media?parent=2027"}],"curies":[{"name":"wp","href":"https:\/\/api.w.org\/{rel}","templated":true}]}}