{"id":2013,"date":"2024-12-25T11:56:02","date_gmt":"2024-12-25T10:56:02","guid":{"rendered":"https:\/\/salon-international-aquarelle.com\/WordPress3\/?page_id=2013"},"modified":"2025-11-14T18:36:15","modified_gmt":"2025-11-14T17:36:15","slug":"le-reglement-du-salon","status":"publish","type":"page","link":"https:\/\/salon-international-aquarelle.com\/WordPress3\/le-reglement-du-salon\/","title":{"rendered":"Le r\u00e8glement du salon"},"content":{"rendered":"\n\n<table id=\"tablepress-12\" class=\"tablepress tablepress-id-12\">\n<tbody class=\"row-hover\">\n<tr class=\"row-1\">\n\t<td class=\"column-1\"><a href=\"https:\/\/salon-international-aquarelle.com\/WordPress3\/candidater-au-salon\/\">Candidater<\/a><\/td><td class=\"column-2\"><a href=\"https:\/\/salon-international-aquarelle.com\/WordPress3\/les-courriers-pour-candidater\/\">Les courriers pour candidater<\/a><\/td><td class=\"column-3\"><a href=\"https:\/\/salon-international-aquarelle.com\/WordPress3\/le-reglement-du-salon\/\">Le r\u00e8glement du salon<\/a><\/td>\n<\/tr>\n<\/tbody>\n<\/table>\n<!-- #tablepress-12 from cache -->\n\n\n\n<p><b>Soumission de votre dossier au jury<\/b><\/p>\n<p>Pour candidater, veuillez respecter les conditions suivantes :<\/p>\n<ul>\n<li>\n<p><i>Vous devez \u00eatre en mesure de <\/i><i><b>justifier votre statut d&rsquo;artiste<\/b><\/i><i> (inscription \u00e0 la Maison des artistes ou autre).<\/i><\/p>\n<\/li>\n<li>\n<p><i>Envoyez <\/i><i><b>entre 7 et 10 photos<\/b><\/i><i> au format JPG de vos \u0153uvres originales, r\u00e9centes et sign\u00e9es. Ces photos, de bonne qualit\u00e9 et prises <\/i><i><u>sans cadre ni passe-partout<\/u><\/i><i>, devront \u00eatre transmises <\/i><i><b>par e-mail ou WeTransfer<\/b><\/i><i> aux trois adresses suivantes : <\/i><span style=\"color: #0000ff;\"><u><a href=\"mailto:jm.devaux2@wanadoo.fr\"><i><b>jm.devaux2@wanadoo.fr<\/b><\/i><\/a><\/u><\/span><i><b> ; <\/b><\/i><span style=\"color: #0000ff;\"><u><a href=\"mailto:isabelle.lavalley386@orange.fr\"><i><b>isabelle.lavalley386@orange.fr<\/b><\/i><\/a><\/u><\/span><i><b> ; <\/b><\/i><span style=\"color: #0000ff;\"><u><a href=\"mailto:alain.nardou@laposte.net\"><i><b>alain.nardou@laposte.net<\/b><\/i><\/a><\/u><\/span><i><b>.<\/b><\/i><\/p>\n<\/li>\n<li>\n<p><i>Chaque photo doit \u00eatre clairement titr\u00e9e et indiquer le nom de l&rsquo;\u0153uvre, ses dimensions et son prix. Veuillez accompagner ces visuels d&rsquo;un <\/i><i><b>court texte pr\u00e9sentant votre parcours d&rsquo;artiste<\/b><\/i><i>. <\/i><\/p>\n<\/li>\n<\/ul>\n<p><span style=\"color: #ee0000;\"><i><b>Toute copie ou plagiat entra\u00eenera l&rsquo;exclusion de votre dossier<\/b><\/i><\/span><i>.<\/i><\/p>\n<p><i>Nous vous invitons, si possible, \u00e0 r\u00e9aliser <\/i><i><b>une \u0153uvre sur le th\u00e8me \u00ab\u00a0Racines\u00a0\u00bb<\/b><\/i><i> ; c&rsquo;est recommand\u00e9, mais pas obligatoire.<\/i><\/p>\n<ul>\n<li>\n<p><i>La fiche de candidature, accompagn\u00e9e de vos photos, doit nous \u00eatre retourn\u00e9e <\/i><i><b>au plus tard le 28 f\u00e9vrier 2026<\/b><\/i><i>.<\/i><\/p>\n<\/li>\n<\/ul>\n<p><b>S\u00e9lection et participation<\/b><\/p>\n<ul>\n<li>\n<p><span style=\"font-family: Calibri, serif;\">Les artistes s\u00e9lectionn\u00e9s seront pr\u00e9venus <\/span><span style=\"font-family: Calibri, serif;\"><b>avant le 15 mars 2026<\/b><\/span><span style=\"font-family: Calibri, serif;\"> par e-mail, courrier ou t\u00e9l\u00e9phone.<\/span><\/p>\n<\/li>\n<li>\n<p><span style=\"font-family: Calibri, serif;\">Les artistes s\u00e9lectionn\u00e9s devront alors s\u2019acquitter de la somme de <\/span><span style=\"font-family: Calibri, serif;\"><b>80 \u20ac<\/b><\/span><span style=\"font-family: Calibri, serif;\"> pour valider leur participation au salon (le RIB de l\u2019association vous sera communiqu\u00e9).<\/span><\/p>\n<\/li>\n<li>\n<p><span style=\"font-family: Calibri, serif;\">En cas de d\u00e9sistement, aucun remboursement ne pourra \u00eatre effectu\u00e9 apr\u00e8s le <\/span><span style=\"font-family: Calibri, serif;\"><u>15 mai 2026<\/u><\/span><span style=\"font-family: Calibri, serif;\"> sauf cas de force majeure.<\/span><\/p>\n<\/li>\n<li>\n<p><span style=\"font-family: Calibri, serif;\">Un livret souvenir sera remis lors du d\u00e9p\u00f4t des \u0153uvres.<\/span><\/p>\n<\/li>\n<\/ul>\n<p><span style=\"font-family: Calibri, serif;\"><b>R\u00e8gles d&rsquo;exposition<\/b><\/span><\/p>\n<ul>\n<li>\n<p><span style=\"font-family: Calibri, serif;\">Vous vous engagez \u00e0 pr\u00e9senter <\/span><span style=\"font-family: Calibri, serif;\"><b>uniquement les aquarelles s\u00e9lectionn\u00e9es<\/b><\/span><span style=\"font-family: Calibri, serif;\"> par le jury. Les \u0153uvres expos\u00e9es ne pourront \u00eatre reprises qu\u2019\u00e0 la date pr\u00e9vue pour le d\u00e9crochage. <\/span><span style=\"color: #ee0000;\"><span style=\"font-family: Calibri, serif;\">Aucun remplacement ou ajout de tableau ne sera accept\u00e9<\/span><\/span><span style=\"font-family: Calibri, serif;\">.<\/span><\/p>\n<\/li>\n<li>\n<p><span style=\"font-family: Calibri, serif;\"><b>Remarque<\/b><\/span><span style=\"font-family: Calibri, serif;\"> : Les \u0153uvres des Invit\u00e9s d&rsquo;Honneur et des anciens Invit\u00e9s d&rsquo;Honneur sont s\u00e9lectionn\u00e9es d&rsquo;office et devront \u00eatre communiqu\u00e9es <\/span><span style=\"color: #ee0000;\"><span style=\"font-family: Calibri, serif;\">avant le 31 mai <\/span><\/span><span style=\"font-family: Calibri, serif;\">(nom, prix et dimension).<\/span><\/p>\n<\/li>\n<li>\n<p><span style=\"font-family: Calibri, serif;\">Les prix des \u0153uvres ne pourront pas \u00eatre modifi\u00e9s apr\u00e8s soumission. Merci d&rsquo;\u00eatre tr\u00e8s vigilant sur votre politique tarifaire.<\/span><\/p>\n<\/li>\n<\/ul>\n<ul>\n<li>\n<p><span style=\"font-family: Calibri, serif;\">Chaque \u0153uvre devra \u00eatre encadr\u00e9e de mani\u00e8re uniforme. Le dos du cadre devra obligatoirement comporter une \u00e9tiquette lisible avec le nom de l&rsquo;artiste, le titre de l&rsquo;\u0153uvre et son prix.<\/span><\/p>\n<\/li>\n<li>\n<p><span style=\"font-family: TimesNewRomanPS-ItalicMT, serif;\"><span style=\"font-size: medium;\"><i><b>Assurance <\/b><\/i><\/span><\/span><i><b>: Chaque artiste est responsable de l\u2019assurance de ses \u0153uvres. Le Salon d\u00e9cline toute responsabilit\u00e9 en cas de vol ou d\u00e9t\u00e9rioration.<\/b><\/i><\/p>\n<\/li>\n<\/ul>\n<p><span style=\"font-family: Calibri, serif;\"><b>Droits de reproduction et d&rsquo;image<\/b><\/span><\/p>\n<ul>\n<li>\n<p>L&rsquo;artiste conc\u00e8de au Salon le droit d&rsquo;utiliser les visuels et les informations de ses \u0153uvres pour la promotion de l&rsquo;\u00e9v\u00e9nement (catalogue, affiches, articles de presse, internet, r\u00e9seaux sociaux).<\/p>\n<\/li>\n<li>\n<p><span style=\"font-family: Times New Roman, serif;\"><span style=\"font-size: medium;\"><span style=\"font-family: Calibri, serif;\"><span style=\"font-size: small;\">Les visiteurs sont autoris\u00e9s \u00e0 photographier les \u0153uvres \u00e0 des fins personnelles uniquement.<\/span><\/span><\/span><\/span><\/p>\n<\/li>\n<li>\n<p><span style=\"font-family: Times New Roman, serif;\"><span style=\"font-size: medium;\"><span style=\"font-family: Calibri, serif;\"><span style=\"font-size: small;\">Toute opposition \u00e0 ces dispositions doit \u00eatre formul\u00e9e par \u00e9crit avant le 1er juin 2026.<\/span><\/span><\/span><\/span><\/p>\n<\/li>\n<li>\n<p><span style=\"font-family: Times New Roman, serif;\"><span style=\"font-size: medium;\"><span style=\"font-family: Calibri, serif;\"><span style=\"font-size: small;\">Conform\u00e9ment au RGPD, vos donn\u00e9es personnelles ne seront utilis\u00e9es que dans le cadre de l\u2019organisation du Salon.<\/span><\/span><\/span><\/span><\/p>\n<\/li>\n<li>\n<p><span style=\"color: #ee0000;\"><span style=\"font-family: Calibri, serif;\"><b>Toute contestation de ces dispositions doit nous \u00eatre notifi\u00e9e par \u00e9crit. \u00c0 d\u00e9faut de notification, le silence de l&rsquo;artiste vaut acceptation de ces conditions.<\/b><\/span><\/span><\/p>\n<\/li>\n<\/ul>\n<p><b>Participation et engagement des artistes<\/b><\/p>\n<p>Les artistes s\u00e9lectionn\u00e9s sont encourag\u00e9s \u00e0 participer activement \u00e0 la vie du salon. Votre pr\u00e9sence enrichit l&rsquo;\u00e9v\u00e9nement et favorise les \u00e9changes avec les visiteurs.<\/p>\n<ul>\n<li>\n<p><b>La participation au salon\u00a0: <\/b> implique la <b>pr\u00e9sence <\/b>de l\u2019artiste pour une dur\u00e9e minimale et <b>obligatoire de deux jours<\/b>. Cette pr\u00e9sence est essentielle au bon fonctionnement de l&rsquo;accueil et du soutien \u00e0 nos \u00e9quipes b\u00e9n\u00e9voles. Une seule <b>exception<\/b> est pr\u00e9vue pour <b>les artistes \u00e9trangers<\/b> justifiant de leur incapacit\u00e9 \u00e0 se d\u00e9place<b>r.<\/b><\/p>\n<\/li>\n<li>\n<p><b>Les d\u00e9monstrations\u00a0:<\/b> sont vivement encourag\u00e9es, car elles animent le salon, attirent les visiteurs et vous offrent une occasion unique de vendre des \u0153uvres non encadr\u00e9es.<\/p>\n<\/li>\n<li>\n<p><b>Journ\u00e9e \u00ab\u00a0Regard d&rsquo;artiste<\/b>\u00a0\u00bb : Profitez de cette journ\u00e9e pour rencontrer le public et pr\u00e9senter vos \u0153uvres. Vous pourrez \u00e9galement vendre des \u0153uvres suppl\u00e9mentaires directement sur votre espace d&rsquo;exposition. Nous vous recommandons d&rsquo;utiliser un pr\u00e9sentoir pour ces ventes, car l&rsquo;ajout d&rsquo;une table n&rsquo;est pas autoris\u00e9.<\/p>\n<\/li>\n<li>\n<p><b>\u00ab\u00a0Balaquarelle\u00a0\u00bb <\/b><b>:<\/b> Participez \u00e0 une promenade cr\u00e9ative en ville, o\u00f9 vous accompagnerez un groupe de participants pour dessiner et peindre, \u00e0 la mani\u00e8re des <i>urban sketchers<\/i>. Chaque participant s&rsquo;acquitte d&rsquo;un droit, payable \u00e0 l\u2019accueil du salon, de 11 \u20ac.<\/p>\n<\/li>\n<\/ul>\n<ul>\n<li>\n<p><span style=\"color: #ee0000;\"><b>Invit\u00e9s d&rsquo;honneur et anciens invit\u00e9s d\u2019honneur<\/b><\/span> : En 2026, les invit\u00e9s d&rsquo;honneur et anciens invit\u00e9s d&rsquo;honneur devront obligatoirement <u>assurer une garde et une d\u00e9monstration<\/u>.<\/p>\n<\/li>\n<\/ul>\n<p align=\"center\"><span style=\"font-size: small;\"><i>Votre participation est pr\u00e9cieuse, car elle permet des rencontres et des \u00e9changes qui sont souvent un moteur pour les ventes\u00a0!<\/i><\/span><\/p>\n<ul>\n<li>\n<p><b>Autres activit\u00e9s<\/b> : Des conf\u00e9rences ou d&rsquo;autres animations pourront \u00eatre propos\u00e9es.<\/p>\n<\/li>\n<\/ul>\n<p><b>Ventes et commissions<\/b><\/p>\n<ul>\n<li>\n<p><b>Vente de livres :<\/b> Vous \u00eates autoris\u00e9 \u00e0 vendre des livres <u>\u00e0 condition qu&rsquo;ils aient \u00e9t\u00e9 r\u00e9pertori\u00e9s le jour de l&rsquo;accrochage<\/u>. Les cartes postales ne seront pas accept\u00e9es, sauf si elles sont vendues en paquets de collection.<\/p>\n<\/li>\n<li>\n<p><b>Encaissement :<\/b> Toutes les ventes seront encaiss\u00e9es par l&rsquo;association.<\/p>\n<\/li>\n<li>\n<p><b>Commissions :<\/b> L&rsquo;association vous reversera le montant de vos ventes \u00e0 la fin du salon, apr\u00e8s d\u00e9duction d&rsquo;une commission de <b>11 % sur les livres<\/b> et de <b>16 % sur les tableaux<\/b>.<\/p>\n<\/li>\n<li>\n<p>Les prix doivent inclure les \u00e9ventuels frais de retour ou d\u2019encadrement.<\/p>\n<\/li>\n<\/ul>\n<p>.<\/p>\n<p><b>Conditions d\u2019accrochage\u00a0<\/b><\/p>\n<p>Les \u0153uvres s\u00e9lectionn\u00e9es devront \u00eatre d\u00e9pos\u00e9es <span style=\"color: #ee0000;\">le <\/span><span style=\"color: #ee0000;\"><b>jeudi 16 juillet, entre 9h et 12h<\/b><\/span>. L&rsquo;accrochage sera r\u00e9alis\u00e9 par les b\u00e9n\u00e9voles de l&rsquo;association, avec la possibilit\u00e9 d&rsquo;une assistance de l&rsquo;artiste.<\/p>\n<p>Les organisateurs d\u00e9tiennent la souverainet\u00e9 sur la mise en valeur des \u0153uvres et la surface d&rsquo;accrochage attribu\u00e9e \u00e0 chaque exposant.<\/p>\n<p><i><b>Il est imp\u00e9ratif de se pr\u00e9senter \u00e0 l&rsquo;accueil de la salle de la Halle pour accomplir les formalit\u00e9s d&rsquo;enregistrement<\/b><\/i>. Les documents qui vous y seront d\u00e9livr\u00e9s (\u00e9tiquettes, emplacement, justificatif de paiement, catalogue) devront \u00eatre pr\u00e9sent\u00e9s \u00e0 l&rsquo;\u00e9quipe responsable de l&rsquo;accrochage.<\/p>\n<p><b>Vernissage et invit\u00e9s <\/b><\/p>\n<p>Le vernissage se tiendra \u00e0 la salle Attane, <span style=\"color: #ee0000;\"><b>le samedi 18 juillet \u00e0 19h.<\/b><\/span> Il est demand\u00e9 aux artistes d&rsquo;informer l&rsquo;accueil du nombre d&rsquo;invit\u00e9s qu&rsquo;ils souhaitent convier \u00e0 cette soir\u00e9e, avec un maximum de 5 invit\u00e9s par personne<\/p>\n<p><span style=\"font-size: small;\"><i><b>Lors de cette soir\u00e9e, 5 prix seront d\u00e9cern\u00e9s : le Prix de la Ville, le Prix S\u00e9namaud-Beaufort, le Prix des Commer\u00e7ants, le Prix Esquisse et le Prix Sennelier.<\/b><\/i><\/span><\/p>\n<p><b>D\u00e9crochage\u00a0des \u0153uvres<\/b><\/p>\n<ul>\n<li>\n<p><b>Date et horaire :<\/b> Le d\u00e9crochage aura lieu le <span style=\"color: #ee0000;\"><b>lundi 17 ao\u00fbt, de 9h30 \u00e0 12h<\/b><\/span><span style=\"color: #ee0000;\">. <\/span>Il sera suivi d&rsquo;un repas de cl\u00f4ture dont le prix vous sera communiqu\u00e9 (environ 27 \u20ac).<\/p>\n<\/li>\n<li>\n<p><b>D\u00e9crochage anticip\u00e9 :<\/b> Exceptionnellement, un d\u00e9crochage le <b>dimanche \u00e0 partir de 18h30<\/b> est possible, mais <b>uniquement sur inscription<\/b>.<\/p>\n<\/li>\n<li>\n<p><b>Covoiturage et enl\u00e8vement :<\/b> Si vos \u0153uvres sont r\u00e9cup\u00e9r\u00e9es par une autre personne, cette information (covoiturage) doit <b>\u00eatre pr\u00e9cis\u00e9e \u00e0 l&rsquo;accueil<\/b> (salle de la Halle) ou <b>par e-mail \u00e0 l&rsquo;un des pr\u00e9sidents<\/b>. Aucun tableau ne sera remis \u00e0 une tierce personne sans accord pr\u00e9alable.<\/p>\n<\/li>\n<li>\n<p><b>Frais de transport :<\/b> Le salon d\u00e9cline toute responsabilit\u00e9 en cas de probl\u00e8me de transport si l\u2019artiste demande aux organisateurs l\u2019envoi de ses \u0153uvres.<\/p>\n<\/li>\n<\/ul>\n<p><span style=\"font-family: TimesNewRomanPS-ItalicMT, serif;\"><b>Stages <\/b><\/span><\/p>\n<ul>\n<li>\n<p><b>Organisation<\/b> : L&rsquo;organisation de stages est r\u00e9serv\u00e9e aux invit\u00e9s d&rsquo;honneur de l&rsquo;ann\u00e9e et aux anciens invit\u00e9s d&rsquo;honneur du salon. Une d\u00e9rogation est \u00e9galement possible pour les artistes ayant \u00e9t\u00e9 invit\u00e9s d&rsquo;honneur d&rsquo;un salon international de m\u00eame notori\u00e9t\u00e9.<\/p>\n<\/li>\n<li>\n<p><b>Proc\u00e9dure<\/b> : Si vous souhaitez organiser un stage, veuillez en informer les organisateurs le plus t\u00f4t possible pour la planification et la publicit\u00e9<\/p>\n<\/li>\n<\/ul>\n<p><b>Candidatures d&rsquo;artistes \u00e9trangers<\/b><\/p>\n<p>Nous acceptons exceptionnellement un maximum de 5 candidatures d&rsquo;artistes \u00e9trangers qui ne peuvent pas se d\u00e9placer. Dans ce cas, les conditions suivantes s&rsquo;appliquent :<\/p>\n<ul>\n<li>\n<p><b>Envoi des \u0153uvres<\/b> : Vous devez nous envoyer vos \u0153uvres avec un passe-partout dans la mesure du possible. Elles doivent respecter les dimensions standard passe-partout compris : 60&#215;80, 50&#215;70 ou 40&#215;50 cm. Les \u0153uvres non conformes ne seront pas accept\u00e9es.<\/p>\n<\/li>\n<li>\n<p><b>Encadrement <\/b>: Le salon se chargera de l&rsquo;encadrement de 10 \u0153uvres maximum. Ce service ne s&rsquo;applique qu&rsquo;aux tableaux respectant les dimensions standards pr\u00e9cis\u00e9es dans ce r\u00e8glement.<\/p>\n<\/li>\n<li>\n<p><b>Frais de transport :<\/b> Le salon d\u00e9cline toute responsabilit\u00e9 en cas de probl\u00e8me de transport (\u00e0 l&rsquo;aller ou au retour).<\/p>\n<\/li>\n<li>\n<p><b>Commissions et frais<\/b> : Les ventes sont soumises \u00e0 une commission de 16 % pour les tableaux et de 11 % pour les livres et lots de cartes postales. Le prix de vos \u0153uvres devra \u00e9galement inclure les frais de retour des \u0153uvres non vendues ainsi que le co\u00fbt des cadres et des passe-partout, qui seront d\u00e9duits de vos ventes.<\/p>\n<\/li>\n<li>\n<p><b>Participation<\/b> : Les artistes s\u00e9lectionn\u00e9s devront payer un droit d&rsquo;accrochage de 80 \u20ac.<\/p>\n<\/li>\n<\/ul>\n<br \/>\n<p style=\"text-align: center;\">Isabelle Lavalley et Jean-Michel Devaux<br \/>Co-Pr\u00e9sidents du Salon international de l\u2019Aquarelle<br \/>5 Avenue de la Wantzenau<br \/>87500 Saint Yrieix la Perche<br \/>tel. 0033-(0)6-89-38-47-16 et 0033 (0)6 72 56 98 89<\/p>\n","protected":false},"excerpt":{"rendered":"<p>Soumission de votre dossier au jury Pour candidater, veuillez respecter les conditions suivantes : Vous devez \u00eatre en mesure de [&hellip;]<\/p>\n","protected":false},"author":1,"featured_media":0,"parent":0,"menu_order":0,"comment_status":"closed","ping_status":"closed","template":"","meta":{"site-sidebar-layout":"default","site-content-layout":"","ast-site-content-layout":"","site-content-style":"default","site-sidebar-style":"default","ast-global-header-display":"","ast-banner-title-visibility":"","ast-main-header-display":"","ast-hfb-above-header-display":"","ast-hfb-below-header-display":"","ast-hfb-mobile-header-display":"","site-post-title":"disabled","ast-breadcrumbs-content":"","ast-featured-img":"","footer-sml-layout":"","theme-transparent-header-meta":"","adv-header-id-meta":"","stick-header-meta":"","header-above-stick-meta":"","header-main-stick-meta":"","header-below-stick-meta":"","astra-migrate-meta-layouts":"default","ast-page-background-enabled":"default","ast-page-background-meta":{"desktop":{"background-color":"var(--ast-global-color-4)","background-image":"","background-repeat":"repeat","background-position":"center center","background-size":"auto","background-attachment":"scroll","background-type":"","background-media":"","overlay-type":"","overlay-color":"","overlay-opacity":"","overlay-gradient":""},"tablet":{"background-color":"","background-image":"","background-repeat":"repeat","background-position":"center center","background-size":"auto","background-attachment":"scroll","background-type":"","background-media":"","overlay-type":"","overlay-color":"","overlay-opacity":"","overlay-gradient":""},"mobile":{"background-color":"","background-image":"","background-repeat":"repeat","background-position":"center center","background-size":"auto","background-attachment":"scroll","background-type":"","background-media":"","overlay-type":"","overlay-color":"","overlay-opacity":"","overlay-gradient":""}},"ast-content-background-meta":{"desktop":{"background-color":"var(--ast-global-color-5)","background-image":"","background-repeat":"repeat","background-position":"center center","background-size":"auto","background-attachment":"scroll","background-type":"","background-media":"","overlay-type":"","overlay-color":"","overlay-opacity":"","overlay-gradient":""},"tablet":{"background-color":"var(--ast-global-color-5)","background-image":"","background-repeat":"repeat","background-position":"center center","background-size":"auto","background-attachment":"scroll","background-type":"","background-media":"","overlay-type":"","overlay-color":"","overlay-opacity":"","overlay-gradient":""},"mobile":{"background-color":"var(--ast-global-color-5)","background-image":"","background-repeat":"repeat","background-position":"center center","background-size":"auto","background-attachment":"scroll","background-type":"","background-media":"","overlay-type":"","overlay-color":"","overlay-opacity":"","overlay-gradient":""}},"jetpack_post_was_ever_published":false,"footnotes":""},"class_list":["post-2013","page","type-page","status-publish","hentry"],"jetpack_sharing_enabled":true,"jetpack_shortlink":"https:\/\/wp.me\/PgfGnI-wt","_links":{"self":[{"href":"https:\/\/salon-international-aquarelle.com\/WordPress3\/wp-json\/wp\/v2\/pages\/2013","targetHints":{"allow":["GET"]}}],"collection":[{"href":"https:\/\/salon-international-aquarelle.com\/WordPress3\/wp-json\/wp\/v2\/pages"}],"about":[{"href":"https:\/\/salon-international-aquarelle.com\/WordPress3\/wp-json\/wp\/v2\/types\/page"}],"author":[{"embeddable":true,"href":"https:\/\/salon-international-aquarelle.com\/WordPress3\/wp-json\/wp\/v2\/users\/1"}],"replies":[{"embeddable":true,"href":"https:\/\/salon-international-aquarelle.com\/WordPress3\/wp-json\/wp\/v2\/comments?post=2013"}],"version-history":[{"count":9,"href":"https:\/\/salon-international-aquarelle.com\/WordPress3\/wp-json\/wp\/v2\/pages\/2013\/revisions"}],"predecessor-version":[{"id":3009,"href":"https:\/\/salon-international-aquarelle.com\/WordPress3\/wp-json\/wp\/v2\/pages\/2013\/revisions\/3009"}],"wp:attachment":[{"href":"https:\/\/salon-international-aquarelle.com\/WordPress3\/wp-json\/wp\/v2\/media?parent=2013"}],"curies":[{"name":"wp","href":"https:\/\/api.w.org\/{rel}","templated":true}]}}