{"id":1750,"date":"2024-05-30T21:12:12","date_gmt":"2024-05-30T19:12:12","guid":{"rendered":"https:\/\/salon-international-aquarelle.com\/WordPress3\/evenements\/"},"modified":"2025-03-04T18:16:50","modified_gmt":"2025-03-04T17:16:50","slug":"evenements","status":"publish","type":"page","link":"https:\/\/salon-international-aquarelle.com\/WordPress3\/evenements\/","title":{"rendered":"\u00c9v\u00e8nement"},"content":{"rendered":"\n<div class=\"wp-block-media-text is-stacked-on-mobile\" style=\"grid-template-columns:32% auto\"><figure class=\"wp-block-media-text__media\"><img loading=\"lazy\" decoding=\"async\" width=\"243\" height=\"162\" src=\"https:\/\/salon-international-aquarelle.com\/WordPress3\/wp-content\/uploads\/2025\/01\/zep.png\" alt=\"\" class=\"wp-image-2527 size-full\"\/><\/figure><div class=\"wp-block-media-text__content\">\n<h4 class=\"wp-block-heading has-text-align-center\">Concert groupe Zeppin<br>Samedi 2 ao\u00fbt  &#8211; Salle Attane \u00e0 20 h<\/h4>\n\n\n\n<h4 class=\"wp-block-heading has-text-align-center\">Musique et danses folkloriques du Japon<\/h4>\n\n\n\n<h4 class=\"wp-block-heading has-text-align-left\">Cette musique est enjou\u00e9e, gaie et dansante et raconte des sc\u00e8nes de la vie quotidienne de chaque r\u00e9gion du Japon.<br>Le groupe Zeppin propose un style de musique japonaise relativement peu connu encore en France : le \u00ab\u00a0minyo\u00a0\u00bb. <br>Il s&rsquo;agit d&rsquo;une musique ancienne populaire qui pouvait accompagner les<br>f\u00eates de village, ou le travail des paysans, des p\u00e9cheurs, \u2026. <br>Certaines de ces airs font partis du r\u00e9pertoire classique japonais, et sont bien<br>connus de la plupart des Japonais.<br>Cette musique est enjou\u00e9e, gaie et dansante et raconte des sc\u00e8nes de la vie quotidienne de chaque r\u00e9gion du Japon. Elle trouvera donc facilement place en France pour un \u00e9v\u00e9nement festif d\u00e9paysant.<br><br>Prix 14 \u20ac&nbsp; &#8211;&nbsp; R\u00e9servation au 06 72 56 98 89<br>ou sur notre<a href=\"https:\/\/www.helloasso.com\/associations\/salon-international-de-l-aquarelle-de-saint-yrieix-la-perche\/evenements\/concert-groupe-zeppin\"> billetterie HelloAsso<\/a><\/h4>\n<\/div><\/div>\n\n\n","protected":false},"excerpt":{"rendered":"<p>CONTENTS<\/p>\n","protected":false},"author":1,"featured_media":0,"parent":0,"menu_order":0,"comment_status":"closed","ping_status":"open","template":"","meta":{"site-sidebar-layout":"default","site-content-layout":"","ast-site-content-layout":"","site-content-style":"default","site-sidebar-style":"default","ast-global-header-display":"","ast-banner-title-visibility":"","ast-main-header-display":"","ast-hfb-above-header-display":"","ast-hfb-below-header-display":"","ast-hfb-mobile-header-display":"","site-post-title":"disabled","ast-breadcrumbs-content":"","ast-featured-img":"","footer-sml-layout":"","theme-transparent-header-meta":"","adv-header-id-meta":"","stick-header-meta":"","header-above-stick-meta":"","header-main-stick-meta":"","header-below-stick-meta":"","astra-migrate-meta-layouts":"default","ast-page-background-enabled":"default","ast-page-background-meta":{"desktop":{"background-color":"var(--ast-global-color-4)","background-image":"","background-repeat":"repeat","background-position":"center center","background-size":"auto","background-attachment":"scroll","background-type":"","background-media":"","overlay-type":"","overlay-color":"","overlay-opacity":"","overlay-gradient":""},"tablet":{"background-color":"","background-image":"","background-repeat":"repeat","background-position":"center center","background-size":"auto","background-attachment":"scroll","background-type":"","background-media":"","overlay-type":"","overlay-color":"","overlay-opacity":"","overlay-gradient":""},"mobile":{"background-color":"","background-image":"","background-repeat":"repeat","background-position":"center center","background-size":"auto","background-attachment":"scroll","background-type":"","background-media":"","overlay-type":"","overlay-color":"","overlay-opacity":"","overlay-gradient":""}},"ast-content-background-meta":{"desktop":{"background-color":"var(--ast-global-color-5)","background-image":"","background-repeat":"repeat","background-position":"center center","background-size":"auto","background-attachment":"scroll","background-type":"","background-media":"","overlay-type":"","overlay-color":"","overlay-opacity":"","overlay-gradient":""},"tablet":{"background-color":"var(--ast-global-color-5)","background-image":"","background-repeat":"repeat","background-position":"center center","background-size":"auto","background-attachment":"scroll","background-type":"","background-media":"","overlay-type":"","overlay-color":"","overlay-opacity":"","overlay-gradient":""},"mobile":{"background-color":"var(--ast-global-color-5)","background-image":"","background-repeat":"repeat","background-position":"center center","background-size":"auto","background-attachment":"scroll","background-type":"","background-media":"","overlay-type":"","overlay-color":"","overlay-opacity":"","overlay-gradient":""}},"jetpack_post_was_ever_published":false,"footnotes":""},"class_list":["post-1750","page","type-page","status-publish","hentry"],"jetpack_sharing_enabled":true,"jetpack_shortlink":"https:\/\/wp.me\/PgfGnI-se","_links":{"self":[{"href":"https:\/\/salon-international-aquarelle.com\/WordPress3\/wp-json\/wp\/v2\/pages\/1750","targetHints":{"allow":["GET"]}}],"collection":[{"href":"https:\/\/salon-international-aquarelle.com\/WordPress3\/wp-json\/wp\/v2\/pages"}],"about":[{"href":"https:\/\/salon-international-aquarelle.com\/WordPress3\/wp-json\/wp\/v2\/types\/page"}],"author":[{"embeddable":true,"href":"https:\/\/salon-international-aquarelle.com\/WordPress3\/wp-json\/wp\/v2\/users\/1"}],"replies":[{"embeddable":true,"href":"https:\/\/salon-international-aquarelle.com\/WordPress3\/wp-json\/wp\/v2\/comments?post=1750"}],"version-history":[{"count":4,"href":"https:\/\/salon-international-aquarelle.com\/WordPress3\/wp-json\/wp\/v2\/pages\/1750\/revisions"}],"predecessor-version":[{"id":2752,"href":"https:\/\/salon-international-aquarelle.com\/WordPress3\/wp-json\/wp\/v2\/pages\/1750\/revisions\/2752"}],"wp:attachment":[{"href":"https:\/\/salon-international-aquarelle.com\/WordPress3\/wp-json\/wp\/v2\/media?parent=1750"}],"curies":[{"name":"wp","href":"https:\/\/api.w.org\/{rel}","templated":true}]}}

Évènement

<div class="wp-block-media-text is-stacked-on-mobile" style="grid-template-columns:32% auto"><figure class="wp-block-media-text__media"><img loading="lazy" decoding="async" width="243" height="162" src="https://salon-international-aquarelle.com/WordPress3/wp-content/uploads/2025/01/zep.png" alt="" class="wp-image-2527 size-full"/></figure><div class="wp-block-media-text__content">
<h4 class="wp-block-heading has-text-align-center">Concert groupe Zeppin<br>Samedi 2 août  &#8211; Salle Attane à 20 h</h4>



<h4 class="wp-block-heading has-text-align-center">Musique et danses folkloriques du Japon</h4>



<h4 class="wp-block-heading has-text-align-left">Cette musique est enjouée, gaie et dansante et raconte des scènes de la vie quotidienne de chaque région du Japon.<br>Le groupe Zeppin propose un style de musique japonaise relativement peu connu encore en France : le « minyo ». <br>Il s&rsquo;agit d&rsquo;une musique ancienne populaire qui pouvait accompagner les<br>fêtes de village, ou le travail des paysans, des pécheurs, …. <br>Certaines de ces airs font partis du répertoire classique japonais, et sont bien<br>connus de la plupart des Japonais.<br>Cette musique est enjouée, gaie et dansante et raconte des scènes de la vie quotidienne de chaque région du Japon. Elle trouvera donc facilement place en France pour un événement festif dépaysant.<br><br>Prix 14 €&nbsp; &#8211;&nbsp; Réservation au 06 72 56 98 89<br>ou sur notre<a href="https://www.helloasso.com/associations/salon-international-de-l-aquarelle-de-saint-yrieix-la-perche/evenements/concert-groupe-zeppin"> billetterie HelloAsso</a></h4>
</div></div>
